)?
158
Suppose -8*a = -17*a + 135. Suppose s = 3*s + 4*u - 28, 0 = -u + 4. Calculate the remainder when ((-21)/s)/(2/(-20)) is divided by a.
5
Let l = -65 + 91. Suppose -191 + 142 = -7*z. Suppose -39 = -q + z. What is the remainder when q is divided by l?
20
Let i(z) = -2*z**2 - 15*z - 12. Let w be i(-6). Suppose 0 = -w*u - 1062 + 1200. What is the remainder when 89 is divided by u?
20
Suppose r - 29 = 2*y, -y = -3 + 1. Suppose -q = r - 51. What is the remainder when (428/(-6))/((-16)/24) is divided by q?
17
Let p be -6 - 10/(-5) - (-12)/3. Suppose -4*i - k + 158 = -3*k, -k - 41 = -i. Calculate the remainder when (-12 + p)/(-2) + -7 + 75 is divided by i.
36
Let v = 2967 + -2635. Let t = -9 - -23. What is the remainder when v is divided by t?
10
Let o be (12/42)/(2/126). Suppose -t - l - 1 = -o, -t + 26 = 4*l. What is the remainder when 124 is divided by t?
12
Suppose 0*y + y + 4*m + 6 = 0, 8 = 2*y - 2*m. Let q(p) = 3 - 1 - 2*p + 3 + p**2. Calculate the remainder when 17 is divided by q(y).
2
Suppose -5*u - 41 = 4*m - 134, m - 81 = -4*u. Suppose 0 = -3*x + 7*x - 32. What is the remainder when u is divided by x?
5
Let n(m) = m**2 - 24*m - 12. Let s = 80 + -55. Suppose -93 - 39 = -4*x. Calculate the remainder when x is divided by n(s).
7
Let y be 45/3*-1*1. Let o = -10 - y. What is the remainder when -2 + o - (-12 - 4) is divided by 10?
9
Calculate the remainder when (8 + -7 + -14)*(1 - 310) is divided by 134.
131
Let o be ((-15)/(-6) - 3)*-12*1. Suppose 0 = 4*d - o*d + 4, -5*w + 406 = 3*d. What is the remainder when 39 is divided by (21/14)/(6/w)?
19
Let i = 81 + -79. Suppose 0 = 3*r - 4*r - i*v - 32, -4*r + 4*v = 176. Calculate the remainder when 1/(-5*2/r) is divided by 3.
1
Let b(z) = 47*z**3 + z**2 - 2*z + 1. Let w be b(1). Suppose 2*s = 3*s - w. Let v = 21 + -9. What is the remainder when s is divided by v?
11
Suppose -5*k + 15 - 5 = 0. Let i(y) = 7*y + 153. Calculate the remainder when 73 - ((-4 - 2) + k) is divided by i(-19).
17
Let b(c) = c**3 + 3*c**2 - 49*c - 18. What is the remainder when 394 is divided by b(6)?
10
Suppose -1587 = -4*l + 5*a + 845, -1216 = -2*l + 3*a. Calculate the remainder when l is divided by 37.
16
Calculate the remainder when 1/(-2)*-2 + (-740110)/(-679) is divided by 27.
11
Suppose 2*p - 18 = 2*h, 124*h - 125*h - 30 = -4*p. Calculate the remainder when 1867 is divided by p.
5
Suppose -31*y - 26*y + y = -3416. What is the remainder when 1414 is divided by y?
11
Let t = -4099 + 4462. Calculate the remainder when t is divided by 39.
12
Let v(t) = -20*t - 112. Let q be v(-8). Suppose -q*k - 135 = -63*k. Calculate the remainder when 32 is divided by k.
5
Let n be (-4124)/5 + ((-91)/(-35))/(-13). Let w = n - -845. What is the remainder when w is divided by 4?
0
Let j be 744/(-9)*45/(-6). Suppose 4*l - 7*l = -4*a - 372, 5*a - j = -5*l. What is the remainder when l is divided by 14?
12
Calculate the remainder when 2966 is divided by (-12)/(-18) - 1020/(-36).
8
Suppose -346*t + 674453 = 601383 - 1299166. Calculate the remainder when t is divided by 51.
39
Let f = 5111 + -4994. What is the remainder when 215 is divided by f?
98
Let a = -13756 - -13770. What is the remainder when (3/(-2))/((-1)/130) is divided by a?
13
Let j = 130 + -130. Suppose j = 73*l - 67*l - 738. What is the remainder when l is divided by 42?
39
Let s(n) = 2*n**3 - 11*n**2 + 28*n + 2. Calculate the remainder when s(5) is divided by 8.
5
What is the remainder when 8988 is divided by (-450)/(-6)*(-86)/(-645)*(0 + 1)?
8
Let j be (-6 + 5)*(-4 - -8 - 4). Suppose 4*u = -4*i + 44, 7*i - 2*i - 3*u - 63 = j. Let p = i - -4. What is the remainder when 77 is divided by p?
13
Let v = 436 + -215. Let y = 569 - v. What is the remainder when y is divided by 50?
48
Suppose -5*u + 22 = -4*v, 2*u = -0*u - 5*v - 11. Let g(w) = 5*w**2 + 5*w. What is the remainder when g(u) is divided by 16?
14
Let d(u) be the first derivative of 25*u**3/3 - u - 2. Suppose 4*y = -4*j + 16, 2*y - 90*j - 11 = -91*j. What is the remainder when d(1) is divided by y?
3
Suppose 4*j - 316 = -812. Let s = 176 + j. What is the remainder when s is divided by 48?
4
Let b(v) = v**3 - 19*v**2 - 55*v + 225. Calculate the remainder when b(22) is divided by 19.
11
Calculate the remainder when 3*(12 + (-3043)/(-51)) is divided by 156.
59
Let k be ((-605)/(-2))/(17/(-34)). Let b = k + 650. What is the remainder when b is divided by 12?
9
Suppose -25081 = 30*n - 6601. Let h = n + 687. Calculate the remainder when 211 is divided by h.
69
Let f be ((-6)/19)/(-3) - 18778/779. Let d(k) = 2*k**2 - 6*k + 3. Calculate the remainder when d(5) is divided by (-324)/f - (2 - 4)/(-4).
10
Suppose 3*g = -g + 68. Calculate the remainder when (-1)/(-9) + (13 - 19885/(-369)) is divided by g.
16
Suppose 24562 = 10*u - 2248. Calculate the remainder when u is divided by 61.
58
Suppose 17 = 5*o - 8. Suppose c + o*k = 35, -c + 3*c = -k + 43. What is the remainder when 8/5*c/8 is divided by 1?
0
Let f be 10/6 + (-5)/3. Let c be f + (-1)/(3*3/(-27)). Suppose -c*o + 0*o + 228 = 0. What is the remainder when o is divided by 20?
16
Suppose 0 = 2*s + s + i + 224, i - 368 = 5*s. Let o = s - -81. Suppose -4*d = -w - 26, 11*d = o*d - 3*w + 34. What is the remainder when 27 is divided by d?
6
Suppose 4*b - 707 + 567 = 0. Calculate the remainder when 39 is divided by b.
4
Suppose 0 = 14*i + 45 - 3. Let j be i/(-6) - (-109)/(-2). Let k = j - -68. Calculate the remainder when 68 is divided by k.
12
Suppose -c - 2*o = -5*o - 54, 2*c + 5*o - 64 = 0. What is the remainder when 147 is divided by c?
21
Let r(f) = -5 + 9*f - 13*f + 98*f**2 + f**3 - 2 - 90*f**2. Calculate the remainder when r(-3) is divided by 2.
0
Suppose 14*f - 25*f = -572. Let k = 51 + 40. What is the remainder when k is divided by f?
39
Let n(z) = z - 50. Calculate the remainder when 683 is divided by n(53).
2
Suppose 71*c - 69*c - 12 = 0. Suppose 0 = -c*b + 3 + 27. Suppose b*u = -3*x + 124, -5*u + 121 = 2*x - 0*x. Calculate the remainder when u is divided by 14.
9
Let o = -42853 + 43597. Calculate the remainder when 4467 is divided by o.
3
Let n = 84 + -20. Let y = -22811 - -22824. What is the remainder when n is divided by y?
12
Suppose 4*i + 4*p - 144 = 0, 4*i - 35*p = -33*p + 114. What is the remainder when 367 is divided by i?
26
Let n = 106 - 48. Let x(h) = -h**3 - 13*h**2 - 6*h + 15. Let p be x(-13). Let j = p - n. Calculate the remainder when j is divided by 10.
5
Let c(j) = 3556*j - 19226. What is the remainder when c(6) is divided by 58?
22
Suppose 3*m = -6, -3*p + 2*p = -4*m - 158. Let n = p + -162. Let a(s) = -2*s**3 - 24*s**2 - 17*s - 29. Calculate the remainder when a(n) is divided by 45.
40
What is the remainder when 2/((-4)/4288*-8) is divided by 27?
25
Let n be (7 - 10)/(24/(-8)). Let u(v) = 56*v + 14. Calculate the remainder when 769 is divided by u(n).
69
Let u(y) = y. Let x(n) = n**2 + 15*n + 26. Let b be x(-12). Let g be u(b). Let s = g - -19. What is the remainder when 44 is divided by s?
8
Suppose -51*k + 573 = 3*t - 56*k, -2*k + 414 = 2*t. Calculate the remainder when t is divided by 39.
6
Let u = 348 - 353. Let d(a) = -31*a - 16. Calculate the remainder when d(u) is divided by 35.
34
Let p(d) = -d**3 + 6*d**2 - 5*d + 8. Let b = 68 + -60. Let o(f) = 2*f**2 - 14*f - 12. Let m be o(b). Calculate the remainder when 36 is divided by p(m).
16
Suppose p - 26 = 2*q, 6*q + 30 = p + 3*q. Suppose p = -3*u + 33. Suppose u*f - 100 = -t - 2*t, 28 = f - t. Calculate the remainder when 113 is divided by f.
21
Calculate the remainder when 6204 is divided by (190*(-40)/48 - -5)/(4/(-6)).
224
Suppose -2*q = -9*z + 14*z - 464, 82 = z - 5*q. What is the remainder when 207 is divided by z?
23
Suppose 0 = 20*h - 183 - 97. Suppose z - 8046 = -2*z. Calculate the remainder when z/42 - (-2)/h is divided by 22.
20
Suppose 103*n + 24 = 107*n. Calculate the remainder when -11*(0 + -4 + 1) is divided by n.
3
Suppose -7*f + 56 = -3*f. Suppose 0 = 16*c - f*c + 6, -c = -4*h + 803. Calculate the remainder when h is divided by 67.
66
Let n(m) = 270*m + 1099. Suppose 241 = 3*y + 2*p - 94, -4*p = 8. What is the remainder when y is divided by n(-4)?
18
Let u(l) = -l**2 - 18*l + 4046. What is the remainder when 177 is divided by u(55)?
22
Suppose -10 = -4*f + 18. Suppose 0 = -0*g - f*g 